 181 is divided by 91?
90
What is the remainder when 1366 is divided by 22?
2
Calculate the remainder when 4997 is divided by 125.
122
What is the remainder when 589 is divided by 169?
82
Calculate the remainder when 10797 is divided by 8.
5
Calculate the remainder when 195 is divided by 8.
3
What is the remainder when 544 is divided by 13?
11
Calculate the remainder when 84 is divided by 29.
26
What is the remainder when 189 is divided by 12?
9
What is the remainder when 1343 is divided by 21?
20
What is the remainder when 348 is divided by 13?
10
Calculate the remainder when 170 is divided by 16.
10
What is the remainder when 1023 is divided by 27?
24
What is the remainder when 383 is divided by 365?
18
Calculate the remainder when 271 is divided by 68.
67
What is the remainder when 281 is divided by 68?
9
Calculate the remainder when 949 is divided by 19.
18
What is the remainder when 822 is divided by 409?
4
What is the remainder when 124 is divided by 25?
24
Calculate the remainder when 1245 is divided by 19.
10
Calculate the remainder when 2168 is divided by 167.
164
What is the remainder when 341 is divided by 159?
23
What is the remainder when 514 is divided by 408?
106
What is the remainder when 57 is divided by 10?
7
Calculate the remainder when 79 is divided by 45.
34
What is the remainder when 237 is divided by 83?
71
Calculate the remainder when 37 is divided by 20.
17
What is the remainder when 362 is divided by 155?
52
What is the remainder when 244 is divided by 35?
34
What is the remainder when 207 is divided by 75?
57
Calculate the remainder when 712 is divided by 121.
107
Calculate the remainder when 448 is divided by 114.
106
What is the remainder when 73 is divided by 36?
1
What is the remainder when 8907 is divided by 5?
2
Calculate the remainder when 20766 is divided by 129.
126
Calculate the remainder when 143 is divided by 43.
14
What is the remainder when 855 is divided by 84?
15
What is the remainder when 4157 is divided by 130?
127
Calculate the remainder when 98 is divided by 1.
0
What is the remainder when 1083 is divided by 17?
12
Calculate the remainder when 6255 is divided by 8.
7
Calculate the remainder when 3689 is divided by 82.
81
What is the remainder when 150 is divided by 136?
14
Calculate the remainder when 108 is divided by 30.
18
Calculate the remainder when 1003 is divided by 143.
2
What is the remainder when 3567 is divided by 42?
39
What is the remainder when 7433 is divided by 22?
19
What is the remainder when 6098 is divided by 107?
106
Calculate the remainder when 2292 is divided by 164.
160
Calculate the remainder when 13465 is divided by 14.
11
What is the remainder when 26218 is divided by 23?
21
Calculate the remainder when 279 is divided by 14.
13
What is the remainder when 59 is divided by 14?
3
Calculate the remainder when 1219 is divided by 245.
239
Calculate the remainder when 242 is divided by 38.
14
What is the remainder when 2481 is divided by 275?
6
What is the remainder when 182 is divided by 59?
5
Calculate the remainder when 13 is divided by 5.
3
What is the remainder when 59 is divided by 19?
2
What is the remainder when 24422 is divided by 172?
170
What is the remainder when 618 is divided by 23?
20
Calculate the remainder when 353 is divided by 17.
13
What is the remainder when 29 is divided by 12?
5
What is the remainder when 8770 is divided by 258?
256
What is the remainder when 574 is divided by 176?
46
Calculate the remainder when 166 is divided by 75.
16
What is the remainder when 5522 is divided by 21?
20
Calculate the remainder when 1886 is divided by 21.
17
Calculate the remainder when 269 is divided by 74.
47
Calculate the remainder when 7017 is divided by 135.
132
What is the remainder when 511 is divided by 32?
31
Calculate the remainder when 55717 is divided by 70.
67
What is the remainder when 5366 is divided by 22?
20
What is the remainder when 1364 is divided by 114?
110
Calculate the remainder when 110247 is divided by 45.
42
What is the remainder when 131 is divided by 50?
31
Calculate the remainder when 61 is divided by 12.
1
What is the remainder when 198 is divided by 41?
34
What is the remainder when 202 is divided by 71?
60
Calculate the remainder when 399 is divided by 37.
29
What is the remainder when 1544 is divided by 770?
4
Calculate the remainder when 1010 is divided by 46.
44
What is the remainder when 69 is divided by 48?
21
Calculate the remainder when 117 is divided by 27.
9
Calculate the remainder when 178 is divided by 12.
10
What is the remainder when 1878 is divided by 85?
8
Calculate the remainder when 224 is divided by 6.
2
Calculate the remainder when 210 is divided by 75.
60
Calculate the remainder when 406 is divided by 106.
88
What is the remainder when 1575 is divided by 517?
24
What is the remainder when 166 is divided by 43?
37
What is the remainder when 896 is divided by 89?
6
What is the remainder when 93 is divided by 20?
13
What is the remainder when 549 is divided by 173?
30
What is the remainder when 908 is divided by 10?
8
Calculate the remainder when 550 is divided by 138.
136
Calculate the remainder when 90 is divided by 23.
21
What is the remainder when 1578 is divided by 17?
14
What is the remainder when 23398 is divided by 8?
6
Calculate the remainder when 54934 is divided by 24.
22
What is the remainder when 203 is divided by 52?
47
What is the remainder when 567 is divided by 52?
47
Calculate the remainder when 1889 is divided by 31.
29
Calculate the remainder when 145 is divided by 13.
2
What is the remainder when 192 is divided by 99?
93
Calculate the remainder when 33 is divided by 2.
1
Calculate the remainder when 250 is divided by 15.
10
What is the remainder when 17 is divided by 5?
2
What is the remainder when 637 is divided by 33?
10
Calculate the remainder when 394 is divided by 49.
2
What is the remainder when 3263 is divided by 19?
14
What is the remainder when 7 is divided by 1?
0
Calculate the remainder when 134 is divided by 45.
44
Calculate the remainder when 217 is divided by 47.
29
What is the remainder when 3356 is divided by 214?
146
Calculate the remainder when 59 is divided by 14.
3
What is the remainder when 40735 is divided by 8?
7
Calculate the remainder when 1742 is divided by 8.
6
What is the remainder when 14735 is divided by 12?
11
Calculate the remainder when 1362 is divided by 12.
6
What is the remainder when 39 is divided by 26?
13
What is the remainder when 36 is divided by 23?
13
What is the remainder when 96 is divided by 20?
16
What is the remainder when 564 is divided by 38?
32
Calculate the remainder when 440 is divided by 315.
125
Calculate the remainder when 28048 is divided by 85.
83
What is the remainder when 1679 is divided by 12?
11
What is the remainder when 49 is divided by 34?
15
What is the remainder when 2073 is divided by 173?
170
What is the remainder when 116 is divided by 9?
8
Calculate the remainder when 59 is divided by 30.
29
Calculate the remainder when 241 is divided by 116.
9
What is the remainder when 59 is divided by 20?
19
What is the remainder when 1848 is divided by 69?
54
Calculate the remainder when 439 is divided by 13.
10
What is the remainder when 321 is divided by 320?
1
Calculate the remainder when 2683 is divided by 15.
13
Calculate the remainder when 43 is divided by 12.
7
Calculate the remainder when 2218 is divided by 10.
8
What is the remainder when 48 is divided by 25?
23
What is the remainder when 10316 is divided by 134?
132
What is the remainder when 244 is divided by 82?
80
What is the remainder when 872 is divided by 172?
12
What is the remainder when 1503 is divided by 47?
46
Calculate the remainder when 14 is divided by 5.
4
What is the remainder when 124 is divided by 23?
9
What is the remainder when 167 is divided by 57?
53
Calculate the remainder when 108 is divided by 50.
8
Calculate the remainder when 1011 is divided by 104.
75
What is the remainder when 573 is divided by 23?
21
Calculate the remainder when 52 is divided by 14.
10
Calculate the remainder when 1470 is divided by 57.
45
Calculate the remainder when 388 is divided by 98.
94
Calculate the remainder when 244 is divided by 168.
76
What is the remainder when 537 is di